{"id":179,"date":"2022-01-30T12:49:20","date_gmt":"2022-01-30T11:49:20","guid":{"rendered":"https:\/\/la-case-africaine.com\/?page_id=179"},"modified":"2024-04-05T17:30:12","modified_gmt":"2024-04-05T15:30:12","slug":"prestations","status":"publish","type":"page","link":"https:\/\/la-case-africaine.com\/index.php\/prestations\/","title":{"rendered":"PRESTATIONS"},"content":{"rendered":"<div id=\"pl-179\"  class=\"panel-layout\" ><div id=\"pg-179-0\"  class=\"panel-grid panel-has-style\" ><div class=\"siteorigin-panels-stretch panel-row-style panel-row-style-for-179-0\" data-stretch-type=\"full-width-stretch\" ><div id=\"pgc-179-0-0\"  class=\"panel-grid-cell\" ><div id=\"panel-179-0-0-0\" class=\"so-panel widget widget_sow-hero panel-first-child\" data-index=\"0\" ><div\n\t\t\t\n\t\t\tclass=\"so-widget-sow-hero so-widget-sow-hero-default-d6f54306da6f-179 so-widget-fittext-wrapper\"\n\t\t\t data-fit-text-compressor=\"0.85\"\n\t\t>\t\t\t\t<div class=\"sow-slider-base\" style=\"display: none\" tabindex=\"0\">\n\t\t\t\t\t<ul\n\t\t\t\t\tclass=\"sow-slider-images\"\n\t\t\t\t\tdata-settings=\"{&quot;pagination&quot;:true,&quot;speed&quot;:800,&quot;timeout&quot;:8000,&quot;paused&quot;:false,&quot;pause_on_hover&quot;:false,&quot;swipe&quot;:true,&quot;nav_always_show_desktop&quot;:&quot;&quot;,&quot;nav_always_show_mobile&quot;:&quot;&quot;,&quot;breakpoint&quot;:&quot;780px&quot;,&quot;unmute&quot;:false,&quot;anchor&quot;:null}\"\n\t\t\t\t\t\t\t\t\t\tdata-anchor-id=\"\"\n\t\t\t\t>\t\t<li class=\"sow-slider-image  sow-slider-image-cover\" style=\"visibility: visible;;background-color: #333333\" >\n\t\t\t\t\t<div class=\"sow-slider-image-container\">\n\t\t\t<div class=\"sow-slider-image-wrapper\">\n\t\t\t\t<h1 style=\"text-align: center\">NOS PRESTATIONS<\/h1>\n<p style=\"text-align: center\">Le soin  de vos cheveux et de votre corps est notre pr\u00e9occupation essentielle. Pour r\u00e9pondre \u00e0 toutes vos attentes, La Case Africaine met \u00e0 votre disposition une large palette de prestations.\nTresses, tissages naturels et br\u00e9siliens sont nos sp\u00e9cialit\u00e9s, mais notre savoir-faire int\u00e8gre toutes les techniques de coiffure.\nFemmes, hommes et enfants, quelle que soit votre envie du moment, nos professionnelles de La Case Africaine vous offriront un service de qualit\u00e9 dans une ambiance conviviale.<\/p><br \/>\n<p style=\"text-align: center\">Les prix d\u00e9pendent de la quantit\u00e9 et la longueur des tresses.<\/p>\t\t\t<\/div>\n\t\t<\/div>\n\t\t<div class=\"sow-slider-image-overlay sow-slider-image-cover\" style=\"opacity: 0.16;background-image: url(https:\/\/la-case-africaine.com\/wp-content\/uploads\/2021\/10\/La-case-africaine-clermont-ferrand5-1.jpg)\"  ><\/div>\t\t<\/li>\n\t\t<\/ul>\t\t\t\t<ol class=\"sow-slider-pagination\">\n\t\t\t\t\t\t\t\t\t\t\t<li><a href=\"#\" data-goto=\"0\" aria-label=\"display slide 1\"><\/a><\/li>\n\t\t\t\t\t\t\t\t\t<\/ol>\n\n\t\t\t\t<div class=\"sow-slide-nav sow-slide-nav-next\">\n\t\t\t\t\t<a href=\"#\" data-goto=\"next\" aria-label=\"next slide\" data-action=\"next\">\n\t\t\t\t\t\t<em class=\"sow-sld-icon-thin-right\"><\/em>\n\t\t\t\t\t<\/a>\n\t\t\t\t<\/div>\n\n\t\t\t\t<div class=\"sow-slide-nav sow-slide-nav-prev\">\n\t\t\t\t\t<a href=\"#\" data-goto=\"previous\" aria-label=\"previous slide\" data-action=\"prev\">\n\t\t\t\t\t\t<em class=\"sow-sld-icon-thin-left\"><\/em>\n\t\t\t\t\t<\/a>\n\t\t\t\t<\/div>\n\t\t\t\t<\/div><\/div><\/div><div id=\"panel-179-0-0-1\" class=\"so-panel widget widget_sow-price-table\" data-index=\"1\" ><div class=\"panel-widget-style panel-widget-style-for-179-0-0-1\" ><div\n\t\t\t\n\t\t\tclass=\"so-widget-sow-price-table so-widget-sow-price-table-atom-f032f3284d6d-179\"\n\t\t\t\n\t\t>\n\n<div class=\"ow-pt-columns-atom\">\n\n\t\t\t<div class=\"ow-pt-column ow-pt-first ow-pt-even\"\n\t\t\t style=\"width: 25%\">\n\t\t\t<div class=\"ow-pt-title\">\n\t\t\t\tBox Braids Courtes\t\t\t\t\t\t\t<\/div>\n\n            <div class=\"ow-pt-details\">\n                <div class=\"ow-pt-price\">\n\t\t\t\t\t\u00e0 partir de 75\u20ac\t\t\t\t<\/div>\n\t\t\t\t                <div class=\"ow-pt-per\"><\/div>\n            <\/div>\n\n\t\t\t\t\t\t\t<div class=\"ow-pt-image\">\n\t\t\t\t\t<img decoding=\"async\" src=\"https:\/\/la-case-africaine.com\/wp-content\/uploads\/2022\/01\/Box-Braids-courtes-La-case-africaine-e1643546522277.png\" srcset=\"\" sizes=\"(max-width: 426px) 100vw, 426px\"\/> \t\t\t\t<\/div>\n\t\t\t\n\t\t\t<div class=\"ow-pt-features\">\n\t\t\t\t\t\t\t<\/div>\n\n\t\t\t\t\t<\/div>\n\t\t\t<div class=\"ow-pt-column ow-pt-odd\"\n\t\t\t style=\"width: 25%\">\n\t\t\t<div class=\"ow-pt-title\">\n\t\t\t\tBox Braids Longues\t\t\t\t\t\t\t<\/div>\n\n            <div class=\"ow-pt-details\">\n                <div class=\"ow-pt-price\">\n\t\t\t\t\t\u00e0 partir de 95\u20ac\t\t\t\t<\/div>\n\t\t\t\t                <div class=\"ow-pt-per\"><\/div>\n            <\/div>\n\n\t\t\t\t\t\t\t<div class=\"ow-pt-image\">\n\t\t\t\t\t<img decoding=\"async\" src=\"https:\/\/la-case-africaine.com\/wp-content\/uploads\/2022\/01\/Box-Braids-Longues-La-case-africaine-e1643545977917.png\" srcset=\"\" sizes=\"(max-width: 450px) 100vw, 450px\"\/> \t\t\t\t<\/div>\n\t\t\t\n\t\t\t<div class=\"ow-pt-features\">\n\t\t\t\t\t\t\t<\/div>\n\n\t\t\t\t\t<\/div>\n\t\t\t<div class=\"ow-pt-column ow-pt-even\"\n\t\t\t style=\"width: 25%\">\n\t\t\t<div class=\"ow-pt-title\">\n\t\t\t\tNattes Libres Courtes\t\t\t\t\t\t\t<\/div>\n\n            <div class=\"ow-pt-details\">\n                <div class=\"ow-pt-price\">\n\t\t\t\t\t\u00e0 partir de 95\u20ac\t\t\t\t<\/div>\n\t\t\t\t                <div class=\"ow-pt-per\"><\/div>\n            <\/div>\n\n\t\t\t\t\t\t\t<div class=\"ow-pt-image\">\n\t\t\t\t\t<img decoding=\"async\" src=\"https:\/\/la-case-africaine.com\/wp-content\/uploads\/2022\/01\/Natte-libre-courte-1-e1643547431683.jpg\" srcset=\"https:\/\/la-case-africaine.com\/wp-content\/uploads\/2022\/01\/Natte-libre-courte-1-e1643547431683.jpg 421w, https:\/\/la-case-africaine.com\/wp-content\/uploads\/2022\/01\/Natte-libre-courte-1-e1643547431683-238x300.jpg 238w\" sizes=\"(max-width: 421px) 100vw, 421px\"\/> \t\t\t\t<\/div>\n\t\t\t\n\t\t\t<div class=\"ow-pt-features\">\n\t\t\t\t\t\t\t<\/div>\n\n\t\t\t\t\t<\/div>\n\t\t\t<div class=\"ow-pt-column ow-pt-last ow-pt-odd\"\n\t\t\t style=\"width: 25%\">\n\t\t\t<div class=\"ow-pt-title\">\n\t\t\t\tNattes Libres Longues\t\t\t\t\t\t\t<\/div>\n\n            <div class=\"ow-pt-details\">\n                <div class=\"ow-pt-price\">\n\t\t\t\t\t\u00e0 partir de 140\u20ac\t\t\t\t<\/div>\n\t\t\t\t                <div class=\"ow-pt-per\"><\/div>\n            <\/div>\n\n\t\t\t\t\t\t\t<div class=\"ow-pt-image\">\n\t\t\t\t\t<img decoding=\"async\" src=\"https:\/\/la-case-africaine.com\/wp-content\/uploads\/2022\/01\/Natte-libre-longue-e1643546738293.jpg\" srcset=\"\" sizes=\"(max-width: 420px) 100vw, 420px\"\/> \t\t\t\t<\/div>\n\t\t\t\n\t\t\t<div class=\"ow-pt-features\">\n\t\t\t\t\t\t\t<\/div>\n\n\t\t\t\t\t<\/div>\n\t<\/div>\n<\/div><\/div><\/div><div id=\"panel-179-0-0-2\" class=\"so-panel widget widget_sow-price-table\" data-index=\"2\" ><div class=\"panel-widget-style panel-widget-style-for-179-0-0-2\" ><div\n\t\t\t\n\t\t\tclass=\"so-widget-sow-price-table so-widget-sow-price-table-atom-f032f3284d6d-179\"\n\t\t\t\n\t\t>\n\n<div class=\"ow-pt-columns-atom\">\n\n\t\t\t<div class=\"ow-pt-column ow-pt-first ow-pt-even\"\n\t\t\t style=\"width: 25%\">\n\t\t\t<div class=\"ow-pt-title\">\n\t\t\t\tNattes plaqu\u00e9es (\u00e0 partir de 4 nattes)\t\t\t\t\t\t\t<\/div>\n\n            <div class=\"ow-pt-details\">\n                <div class=\"ow-pt-price\">\n\t\t\t\t\t\u00e0 partir de 40\u20ac\t\t\t\t<\/div>\n\t\t\t\t                <div class=\"ow-pt-per\"><\/div>\n            <\/div>\n\n\t\t\t\t\t\t\t<div class=\"ow-pt-image\">\n\t\t\t\t\t<img decoding=\"async\" src=\"https:\/\/la-case-africaine.com\/wp-content\/uploads\/2022\/01\/Nattes-plaquees-2-e1643549615985.jpg\" srcset=\"https:\/\/la-case-africaine.com\/wp-content\/uploads\/2022\/01\/Nattes-plaquees-2-e1643549615985.jpg 420w, https:\/\/la-case-africaine.com\/wp-content\/uploads\/2022\/01\/Nattes-plaquees-2-e1643549615985-238x300.jpg 238w\" sizes=\"(max-width: 420px) 100vw, 420px\"\/> \t\t\t\t<\/div>\n\t\t\t\n\t\t\t<div class=\"ow-pt-features\">\n\t\t\t\t\t\t\t<\/div>\n\n\t\t\t\t\t<\/div>\n\t\t\t<div class=\"ow-pt-column ow-pt-odd\"\n\t\t\t style=\"width: 25%\">\n\t\t\t<div class=\"ow-pt-title\">\n\t\t\t\tNattes plaqu\u00e9es (Bandeau simple)\t\t\t\t\t\t\t<\/div>\n\n            <div class=\"ow-pt-details\">\n                <div class=\"ow-pt-price\">\n\t\t\t\t\t\u00e0 partir de 40\u20ac\t\t\t\t<\/div>\n\t\t\t\t                <div class=\"ow-pt-per\"><\/div>\n            <\/div>\n\n\t\t\t\t\t\t\t<div class=\"ow-pt-image\">\n\t\t\t\t\t<img decoding=\"async\" src=\"https:\/\/la-case-africaine.com\/wp-content\/uploads\/2022\/01\/Nattes-plaquees-bandeau-e1643549377958.jpg\" srcset=\"https:\/\/la-case-africaine.com\/wp-content\/uploads\/2022\/01\/Nattes-plaquees-bandeau-e1643549377958.jpg 428w, https:\/\/la-case-africaine.com\/wp-content\/uploads\/2022\/01\/Nattes-plaquees-bandeau-e1643549377958-242x300.jpg 242w\" sizes=\"(max-width: 428px) 100vw, 428px\"\/> \t\t\t\t<\/div>\n\t\t\t\n\t\t\t<div class=\"ow-pt-features\">\n\t\t\t\t\t\t\t<\/div>\n\n\t\t\t\t\t<\/div>\n\t\t\t<div class=\"ow-pt-column ow-pt-even\"\n\t\t\t style=\"width: 25%\">\n\t\t\t<div class=\"ow-pt-title\">\n\t\t\t\tNattes Plaqu\u00e9es Hommes\t\t\t\t\t\t\t<\/div>\n\n            <div class=\"ow-pt-details\">\n                <div class=\"ow-pt-price\">\n\t\t\t\t\t\u00e0 partir de 40\u20ac\t\t\t\t<\/div>\n\t\t\t\t                <div class=\"ow-pt-per\"><\/div>\n            <\/div>\n\n\t\t\t\t\t\t\t<div class=\"ow-pt-image\">\n\t\t\t\t\t<img decoding=\"async\" src=\"https:\/\/la-case-africaine.com\/wp-content\/uploads\/2022\/01\/Nattes-plaquees-homme--e1643550860211.jpg\" srcset=\"https:\/\/la-case-africaine.com\/wp-content\/uploads\/2022\/01\/Nattes-plaquees-homme--e1643550860211.jpg 420w, https:\/\/la-case-africaine.com\/wp-content\/uploads\/2022\/01\/Nattes-plaquees-homme--e1643550860211-238x300.jpg 238w\" sizes=\"(max-width: 420px) 100vw, 420px\"\/> \t\t\t\t<\/div>\n\t\t\t\n\t\t\t<div class=\"ow-pt-features\">\n\t\t\t\t\t\t\t<\/div>\n\n\t\t\t\t\t<\/div>\n\t\t\t<div class=\"ow-pt-column ow-pt-last ow-pt-odd\"\n\t\t\t style=\"width: 25%\">\n\t\t\t<div class=\"ow-pt-title\">\n\t\t\t\tNattes plaqu\u00e9es t\u00eate enti\u00e8re avec longues tresses\t\t\t\t\t\t\t<\/div>\n\n            <div class=\"ow-pt-details\">\n                <div class=\"ow-pt-price\">\n\t\t\t\t\t\u00e0 partir de 80\u20ac\t\t\t\t<\/div>\n\t\t\t\t                <div class=\"ow-pt-per\"><\/div>\n            <\/div>\n\n\t\t\t\t\t\t\t<div class=\"ow-pt-image\">\n\t\t\t\t\t<img decoding=\"async\" src=\"https:\/\/la-case-africaine.com\/wp-content\/uploads\/2022\/01\/Nattes-plaquee-fine-longuess-e1643550956108.jpg\" srcset=\"https:\/\/la-case-africaine.com\/wp-content\/uploads\/2022\/01\/Nattes-plaquee-fine-longuess-e1643550956108.jpg 420w, https:\/\/la-case-africaine.com\/wp-content\/uploads\/2022\/01\/Nattes-plaquee-fine-longuess-e1643550956108-244x300.jpg 244w\" sizes=\"(max-width: 420px) 100vw, 420px\"\/> \t\t\t\t<\/div>\n\t\t\t\n\t\t\t<div class=\"ow-pt-features\">\n\t\t\t\t\t\t\t<\/div>\n\n\t\t\t\t\t<\/div>\n\t<\/div>\n<\/div><\/div><\/div><div id=\"panel-179-0-0-3\" class=\"so-panel widget widget_sow-price-table\" data-index=\"3\" ><div class=\"panel-widget-style panel-widget-style-for-179-0-0-3\" ><div\n\t\t\t\n\t\t\tclass=\"so-widget-sow-price-table so-widget-sow-price-table-atom-f032f3284d6d-179\"\n\t\t\t\n\t\t>\n\n<div class=\"ow-pt-columns-atom\">\n\n\t\t\t<div class=\"ow-pt-column ow-pt-first ow-pt-even\"\n\t\t\t style=\"width: 25%\">\n\t\t\t<div class=\"ow-pt-title\">\n\t\t\t\tCrochet Braids\t\t\t\t\t\t\t<\/div>\n\n            <div class=\"ow-pt-details\">\n                <div class=\"ow-pt-price\">\n\t\t\t\t\t80\u20ac\t\t\t\t<\/div>\n\t\t\t\t                <div class=\"ow-pt-per\"><\/div>\n            <\/div>\n\n\t\t\t\t\t\t\t<div class=\"ow-pt-image\">\n\t\t\t\t\t<img decoding=\"async\" src=\"https:\/\/la-case-africaine.com\/wp-content\/uploads\/2022\/01\/crochet-braids-e1643551596223.jpg\" srcset=\"https:\/\/la-case-africaine.com\/wp-content\/uploads\/2022\/01\/crochet-braids-e1643551596223.jpg 420w, https:\/\/la-case-africaine.com\/wp-content\/uploads\/2022\/01\/crochet-braids-e1643551596223-238x300.jpg 238w\" sizes=\"(max-width: 420px) 100vw, 420px\"\/> \t\t\t\t<\/div>\n\t\t\t\n\t\t\t<div class=\"ow-pt-features\">\n\t\t\t\t\t\t\t<\/div>\n\n\t\t\t\t\t<\/div>\n\t\t\t<div class=\"ow-pt-column ow-pt-odd\"\n\t\t\t style=\"width: 25%\">\n\t\t\t<div class=\"ow-pt-title\">\n\t\t\t\tPiquets-Lach\u00e9s\t\t\t\t\t\t\t<\/div>\n\n            <div class=\"ow-pt-details\">\n                <div class=\"ow-pt-price\">\n\t\t\t\t\t90\u20ac\t\t\t\t<\/div>\n\t\t\t\t                <div class=\"ow-pt-per\"><\/div>\n            <\/div>\n\n\t\t\t\t\t\t\t<div class=\"ow-pt-image\">\n\t\t\t\t\t<img decoding=\"async\" src=\"https:\/\/la-case-africaine.com\/wp-content\/uploads\/2021\/10\/La-case-africaine-clermont-ferrand6.jpg\" srcset=\"https:\/\/la-case-africaine.com\/wp-content\/uploads\/2021\/10\/La-case-africaine-clermont-ferrand6.jpg 420w, https:\/\/la-case-africaine.com\/wp-content\/uploads\/2021\/10\/La-case-africaine-clermont-ferrand6-238x300.jpg 238w\" sizes=\"(max-width: 420px) 100vw, 420px\"\/> \t\t\t\t<\/div>\n\t\t\t\n\t\t\t<div class=\"ow-pt-features\">\n\t\t\t\t\t\t\t<\/div>\n\n\t\t\t\t\t<\/div>\n\t\t\t<div class=\"ow-pt-column ow-pt-even\"\n\t\t\t style=\"width: 25%\">\n\t\t\t<div class=\"ow-pt-title\">\n\t\t\t\tTissage Demi-T\u00eate\t\t\t\t\t\t\t<\/div>\n\n            <div class=\"ow-pt-details\">\n                <div class=\"ow-pt-price\">\n\t\t\t\t\t\u00e0 partir de 50\u20ac\t\t\t\t<\/div>\n\t\t\t\t                <div class=\"ow-pt-per\"><\/div>\n            <\/div>\n\n\t\t\t\t\t\t\t<div class=\"ow-pt-image\">\n\t\t\t\t\t<img decoding=\"async\" src=\"https:\/\/la-case-africaine.com\/wp-content\/uploads\/2022\/01\/tissage-indien-110gr50cm-e1643551890129.jpg\" srcset=\"\" sizes=\"(max-width: 408px) 100vw, 408px\"\/> \t\t\t\t<\/div>\n\t\t\t\n\t\t\t<div class=\"ow-pt-features\">\n\t\t\t\t\t\t\t<\/div>\n\n\t\t\t\t\t<\/div>\n\t\t\t<div class=\"ow-pt-column ow-pt-last ow-pt-odd\"\n\t\t\t style=\"width: 25%\">\n\t\t\t<div class=\"ow-pt-title\">\n\t\t\t\tTissage T\u00eate Enti\u00e8re\t\t\t\t\t\t\t<\/div>\n\n            <div class=\"ow-pt-details\">\n                <div class=\"ow-pt-price\">\n\t\t\t\t\t\u00e0 partir de 70\u20ac\t\t\t\t<\/div>\n\t\t\t\t                <div class=\"ow-pt-per\"><\/div>\n            <\/div>\n\n\t\t\t\t\t\t\t<div class=\"ow-pt-image\">\n\t\t\t\t\t<img decoding=\"async\" src=\"https:\/\/la-case-africaine.com\/wp-content\/uploads\/2024\/03\/tissagelisse2_51f8219e-e323-43bc-81d0-afca2113b4f9_480x480.jpg.webp\" srcset=\"https:\/\/la-case-africaine.com\/wp-content\/uploads\/2024\/03\/tissagelisse2_51f8219e-e323-43bc-81d0-afca2113b4f9_480x480.jpg.webp 480w, https:\/\/la-case-africaine.com\/wp-content\/uploads\/2024\/03\/tissagelisse2_51f8219e-e323-43bc-81d0-afca2113b4f9_480x480.jpg-300x300.webp 300w, https:\/\/la-case-africaine.com\/wp-content\/uploads\/2024\/03\/tissagelisse2_51f8219e-e323-43bc-81d0-afca2113b4f9_480x480.jpg-150x150.webp 150w\" sizes=\"(max-width: 480px) 100vw, 480px\"\/> \t\t\t\t<\/div>\n\t\t\t\n\t\t\t<div class=\"ow-pt-features\">\n\t\t\t\t\t\t\t<\/div>\n\n\t\t\t\t\t<\/div>\n\t<\/div>\n<\/div><\/div><\/div><div id=\"panel-179-0-0-4\" class=\"so-panel widget widget_sow-price-table panel-last-child\" data-index=\"4\" ><div class=\"panel-widget-style panel-widget-style-for-179-0-0-4\" ><div\n\t\t\t\n\t\t\tclass=\"so-widget-sow-price-table so-widget-sow-price-table-atom-f032f3284d6d-179\"\n\t\t\t\n\t\t>\n\n<div class=\"ow-pt-columns-atom sow-equalize-row-heights\">\n\n\t\t\t<div class=\"ow-pt-column ow-pt-first ow-pt-even\"\n\t\t\t style=\"width: 25%\">\n\t\t\t<div class=\"ow-pt-title\">\n\t\t\t\tPose de Perruque\t\t\t\t\t\t\t<\/div>\n\n            <div class=\"ow-pt-details\">\n                <div class=\"ow-pt-price\">\n\t\t\t\t\t60\u20ac\t\t\t\t<\/div>\n\t\t\t\t                <div class=\"ow-pt-per\"><\/div>\n            <\/div>\n\n\t\t\t\t\t\t\t<div class=\"ow-pt-image\">\n\t\t\t\t\t<img decoding=\"async\" src=\"https:\/\/la-case-africaine.com\/wp-content\/uploads\/2022\/01\/pose-de-perruque-e1643552384489.jpg\" srcset=\"https:\/\/la-case-africaine.com\/wp-content\/uploads\/2022\/01\/pose-de-perruque-e1643552384489.jpg 420w, https:\/\/la-case-africaine.com\/wp-content\/uploads\/2022\/01\/pose-de-perruque-e1643552384489-238x300.jpg 238w\" sizes=\"(max-width: 420px) 100vw, 420px\"\/> \t\t\t\t<\/div>\n\t\t\t\n\t\t\t<div class=\"ow-pt-features\">\n\t\t\t\t\t\t\t<\/div>\n\n\t\t\t\t\t<\/div>\n\t\t\t<div class=\"ow-pt-column ow-pt-odd\"\n\t\t\t style=\"width: 25%\">\n\t\t\t<div class=\"ow-pt-title\">\n\t\t\t\tNattes l\u00e2ch\u00e9es homme court \t\t\t\t\t\t\t<\/div>\n\n            <div class=\"ow-pt-details\">\n                <div class=\"ow-pt-price\">\n\t\t\t\t\t50\u20ac\t\t\t\t<\/div>\n\t\t\t\t                <div class=\"ow-pt-per\"><\/div>\n            <\/div>\n\n\t\t\t\t\t\t\t<div class=\"ow-pt-image\">\n\t\t\t\t\t<img decoding=\"async\" src=\"https:\/\/la-case-africaine.com\/wp-content\/uploads\/2024\/04\/WhatsApp-Image-2024-03-25-at-00.55.21.jpeg\" srcset=\"https:\/\/la-case-africaine.com\/wp-content\/uploads\/2024\/04\/WhatsApp-Image-2024-03-25-at-00.55.21.jpeg 1200w, https:\/\/la-case-africaine.com\/wp-content\/uploads\/2024\/04\/WhatsApp-Image-2024-03-25-at-00.55.21-225x300.jpeg 225w, https:\/\/la-case-africaine.com\/wp-content\/uploads\/2024\/04\/WhatsApp-Image-2024-03-25-at-00.55.21-768x1024.jpeg 768w, https:\/\/la-case-africaine.com\/wp-content\/uploads\/2024\/04\/WhatsApp-Image-2024-03-25-at-00.55.21-1152x1536.jpeg 1152w\" sizes=\"(max-width: 1200px) 100vw, 1200px\"\/> \t\t\t\t<\/div>\n\t\t\t\n\t\t\t<div class=\"ow-pt-features\">\n\t\t\t\t\t\t\t<\/div>\n\n\t\t\t\t\t<\/div>\n\t\t\t<div class=\"ow-pt-column ow-pt-even\"\n\t\t\t style=\"width: 25%\">\n\t\t\t<div class=\"ow-pt-title\">\n\t\t\t\tNattes l\u00e2ch\u00e9es homme longues\t\t\t\t\t\t\t<\/div>\n\n            <div class=\"ow-pt-details\">\n                <div class=\"ow-pt-price\">\n\t\t\t\t\t70\u20ac\t\t\t\t<\/div>\n\t\t\t\t                <div class=\"ow-pt-per\"><\/div>\n            <\/div>\n\n\t\t\t\t\t\t\t<div class=\"ow-pt-image\">\n\t\t\t\t\t<img decoding=\"async\" src=\"https:\/\/la-case-africaine.com\/wp-content\/uploads\/2024\/04\/WhatsApp-Image-2024-03-25-at-00.57.22.jpeg\" srcset=\"https:\/\/la-case-africaine.com\/wp-content\/uploads\/2024\/04\/WhatsApp-Image-2024-03-25-at-00.57.22.jpeg 1200w, https:\/\/la-case-africaine.com\/wp-content\/uploads\/2024\/04\/WhatsApp-Image-2024-03-25-at-00.57.22-225x300.jpeg 225w, https:\/\/la-case-africaine.com\/wp-content\/uploads\/2024\/04\/WhatsApp-Image-2024-03-25-at-00.57.22-768x1024.jpeg 768w, https:\/\/la-case-africaine.com\/wp-content\/uploads\/2024\/04\/WhatsApp-Image-2024-03-25-at-00.57.22-1152x1536.jpeg 1152w\" sizes=\"(max-width: 1200px) 100vw, 1200px\"\/> \t\t\t\t<\/div>\n\t\t\t\n\t\t\t<div class=\"ow-pt-features\">\n\t\t\t\t\t\t\t<\/div>\n\n\t\t\t\t\t<\/div>\n\t\t\t<div class=\"ow-pt-column ow-pt-last ow-pt-odd\"\n\t\t\t style=\"width: 25%\">\n\t\t\t<div class=\"ow-pt-title\">\n\t\t\t\tNattes plaqu\u00e9es homme t\u00eate enti\u00e8re\t\t\t\t\t\t\t<\/div>\n\n            <div class=\"ow-pt-details\">\n                <div class=\"ow-pt-price\">\n\t\t\t\t\t60\u20ac\t\t\t\t<\/div>\n\t\t\t\t                <div class=\"ow-pt-per\"><\/div>\n            <\/div>\n\n\t\t\t\t\t\t\t<div class=\"ow-pt-image\">\n\t\t\t\t\t<img decoding=\"async\" src=\"https:\/\/la-case-africaine.com\/wp-content\/uploads\/2024\/04\/WhatsApp-Image-2024-03-25-at-01.03.22.jpeg\" srcset=\"https:\/\/la-case-africaine.com\/wp-content\/uploads\/2024\/04\/WhatsApp-Image-2024-03-25-at-01.03.22.jpeg 1200w, https:\/\/la-case-africaine.com\/wp-content\/uploads\/2024\/04\/WhatsApp-Image-2024-03-25-at-01.03.22-225x300.jpeg 225w, https:\/\/la-case-africaine.com\/wp-content\/uploads\/2024\/04\/WhatsApp-Image-2024-03-25-at-01.03.22-768x1024.jpeg 768w, https:\/\/la-case-africaine.com\/wp-content\/uploads\/2024\/04\/WhatsApp-Image-2024-03-25-at-01.03.22-1152x1536.jpeg 1152w\" sizes=\"(max-width: 1200px) 100vw, 1200px\"\/> \t\t\t\t<\/div>\n\t\t\t\n\t\t\t<div class=\"ow-pt-features\">\n\t\t\t\t\t\t\t<\/div>\n\n\t\t\t\t\t<\/div>\n\t<\/div>\n<\/div><\/div><\/div><\/div><\/div><\/div><\/div>","protected":false},"excerpt":{"rendered":"<p>NOS PRESTATIONS Le soin de vos cheveux et de votre corps est notre pr\u00e9occupation essentielle. Pour [&hellip;]<\/p>\n","protected":false},"author":1,"featured_media":0,"parent":0,"menu_order":0,"comment_status":"closed","ping_status":"closed","template":"","meta":{"_monsterinsights_skip_tracking":false,"_monsterinsights_sitenote_active":false,"_monsterinsights_sitenote_note":"","_monsterinsights_sitenote_category":0,"footnotes":""},"class_list":["post-179","page","type-page","status-publish","hentry"],"_links":{"self":[{"href":"https:\/\/la-case-africaine.com\/index.php\/wp-json\/wp\/v2\/pages\/179","targetHints":{"allow":["GET"]}}],"collection":[{"href":"https:\/\/la-case-africaine.com\/index.php\/wp-json\/wp\/v2\/pages"}],"about":[{"href":"https:\/\/la-case-africaine.com\/index.php\/wp-json\/wp\/v2\/types\/page"}],"author":[{"embeddable":true,"href":"https:\/\/la-case-africaine.com\/index.php\/wp-json\/wp\/v2\/users\/1"}],"replies":[{"embeddable":true,"href":"https:\/\/la-case-africaine.com\/index.php\/wp-json\/wp\/v2\/comments?post=179"}],"version-history":[{"count":56,"href":"https:\/\/la-case-africaine.com\/index.php\/wp-json\/wp\/v2\/pages\/179\/revisions"}],"predecessor-version":[{"id":271,"href":"https:\/\/la-case-africaine.com\/index.php\/wp-json\/wp\/v2\/pages\/179\/revisions\/271"}],"wp:attachment":[{"href":"https:\/\/la-case-africaine.com\/index.php\/wp-json\/wp\/v2\/media?parent=179"}],"curies":[{"name":"wp","href":"https:\/\/api.w.org\/{rel}","templated":true}]}}